 the remainder when 81 is divided by m.
18
What is the remainder when (2/9)/(8/24)*105 is divided by 18?
16
Suppose -7*b = -3*b - 28. Suppose -5*k + 15 = -5*u, -5*k - 32 = 5*u - b. Let v(f) = 17*f**2 + f. What is the remainder when 31 is divided by v(k)?
15
Let v(q) = 2*q**3 + 27*q**2 + 11*q + 31. Calculate the remainder when 452 is divided by v(-13).
53
Let x = 1170 - 1141. Calculate the remainder when 78 is divided by x.
20
Let c = 2278 + -2267. What is the remainder when 1373 is divided by c?
9
Let c = 232 - 211. Calculate the remainder when 37 is divided by c.
16
Suppose 0 = -2*w - 4*q + 38, 2*q = -3*w - q + 54. Calculate the remainder when 80 is divided by w.
12
Let y = -712 + 750. Calculate the remainder when 339 is divided by y.
35
Suppose -l + 124 = l. Suppose 6*z - 4*z = l. What is the remainder when z is divided by 0 - (-14 - (-2 - -4))?
15
Suppose 3*w - h = 1261 - 308, 2*h - 947 = -3*w. Calculate the remainder when w is divided by 32.
29
Suppose 0 = -2*x - 3*v + 31, -3*v - 40 = -3*x - v. Let z = 234 - 124. Suppose 0*g - 2*g = -z. What is the remainder when g is divided by x?
13
Let c(u) = -u**2 + 22*u - 63. Calculate the remainder when 250 is divided by c(18).
7
Let n be 24/(-9)*(-3)/2. Suppose -46 = g - 3*g - 4*p, 2*p = -n*g + 104. Calculate the remainder when g is divided by 10.
7
Let f be ((-12)/10)/(24/(-60)). Let c be (f - 36/3) + 0. Calculate the remainder when 35 is divided by 12/((-24)/c + -2).
17
Let j(x) = -9*x + 8*x - 12*x. Let y be j(1). Calculate the remainder when 57 is divided by 1 - (0 + y) - 2.
9
Suppose -9 = -6*n + 3*n. Suppose -4*r + n = -3*r. Suppose 0*f - r*f + 141 = 0. Calculate the remainder when f is divided by 16.
15
Let s = 7 - 1. Let b be s - (2/(-2) - -3). Let l(v) = 4*v - 1. What is the remainder when l(b) is divided by 4?
3
Let m = -75 - -105. Let s(y) = y + 9. Let w be s(-10). Calculate the remainder when m is divided by ((-6 - 2) + -3)*w.
8
Suppose 0 = 2*w + c - 4*c - 33, 2*w - 2*c = 38. Let f = 85 - 15. Calculate the remainder when f is divided by w.
22
Let b(z) = -3*z**3 - z. Let o be b(1). Suppose -a - 5*n - 2 + 27 = 0, -3*n - 93 = -3*a. What is the remainder when a is divided by (-8)/o + (0 - -9)?
8
Suppose 5*y = -r + 87, 4*r + 6 + 3 = y. Let w = 2 - y. Let z = w + 27. Calculate the remainder when 23 is divided by z.
11
Suppose 0*w = 3*m - 2*w - 71, m - 29 = -2*w. Let j = 34 - m. What is the remainder when 16 is divided by j?
7
Let s = 18 - 9. Suppose -20 + 5 = -5*t. Suppose 0*f + f = t. What is the remainder when s is divided by f?
0
Let d = 83 - 45. Suppose -3*r + 3*s = -86 - 55, r - 51 = 3*s. Suppose 5*p - 69 = t - 14, 2*p - r = 5*t. What is the remainder when d is divided by p?
8
Let h(b) = -b**3 + 27*b**2 + 7*b - 366. What is the remainder when h(26) is divided by 38?
36
Let y = -20 - -35. Calculate the remainder when y is divided by (-111 + 110)/((-1)/4).
3
Let b(i) = -i**2 + 27*i + 18. Let s be b(15). Suppose 6 = 3*t - 5*t, 3*u - 3*t - s = 0. Calculate the remainder when u is divided by 32.
31
Let y(i) = 4*i - 5. Suppose 0 = 3*l + 2*k - 1, 0 = -2*l + 3*k + 6 + 12. Calculate the remainder when 9 is divided by y(l).
2
Suppose 2*w - 3*w = y - 37, 31 = y - w. What is the remainder when 81 is divided by y?
13
Let z be (-1 + (-1)/(-2))*0. Suppose -3*a + w - 91 = -3*w, -2*w = a + 17. Let l = z - a. Calculate the remainder when 48 is divided by l.
23
Suppose 2*z - 6 = -0*z. Suppose 2*a = 5*y + 8 - z, 0 = -2*a - 5*y + 15. Suppose -88*s + 95*s = 28. Calculate the remainder when a is divided by s.
1
Suppose 0 = -16*x + 721 + 303. What is the remainder when 250 is divided by x?
58
Let r = 21 + -31. What is the remainder when (95/r - 3)*(1 + -3) is divided by 7?
4
Let g be (-1 - -1)/(1/1). Let c be 9 + ((-5)/3 - (-230)/(-69)). Suppose c*v - 15 - 69 = g. What is the remainder when v is divided by 12?
9
Let q be (30/(-25))/(2/(-15)). Suppose -12 = -2*l - 2. Let i = q - l. What is the remainder when 5 is divided by i?
1
Let b = -6 + -20. Let u = 75 + b. Calculate the remainder when u is divided by 17.
15
Suppose 3*h - 60 = 3*q, -11 + 1 = -5*q. Let r = h - 19. What is the remainder when (-8)/12 + 317/r is divided by 27?
24
Let k = -11 - -12. Calculate the remainder when 5 is divided by (((-20)/k)/5)/(0 + -1).
1
Let q(k) = 50*k**2 - 5*k - 4. What is the remainder when 103 is divided by q(-1)?
1
Let z(x) = -x**2 - 5*x - 5. Let q = -20 + 18. What is the remainder when 11 is divided by z(q)?
0
Suppose 0*z = -4*w + 3*z + 150, -5*w + 2*z = -184. Let k = w + -25. Calculate the remainder when 43 is divided by k.
10
Let m = -1 + 12. Suppose 5*k - 865 = 5*x, 0*k - 3*k + 479 = 5*x. Suppose -l - k = -5*l. Calculate the remainder when l is divided by m.
9
Suppose 0 = -180*m + 169*m + 5544. What is the remainder when m is divided by 23?
21
Calculate the remainder when 205 is divided by 4*1/(-3) - (-156)/9.
13
Let w(o) = o**3 + o + 2. Let m be 202/12 + (-1)/(-6). Suppose -2*n - 2*l + m = 3*n, 3*n + l = 11. Calculate the remainder when w(2) is divided by n.
2
Suppose -5*b + 225 - 160 = 0. Calculate the remainder when 31 is divided by b.
5
Let f = 47 + -5. Let u(h) = -2*h**3 + 6. Calculate the remainder when f is divided by u(-2).
20
Let y = -6 - -8. Suppose -y*h = -5*h + 87. Calculate the remainder when h is divided by 15.
14
Suppose -k = 2*t - 5*t - 489, -5*t = -5*k + 2445. What is the remainder when k is divided by 41?
38
Calculate the remainder when 310/(-4)*(-8 + (-30)/(-5)) is divided by 26.
25
Let n = -8 - -14. Let x = 2 + -59. Let w = x + 73. What is the remainder when w is divided by n?
4
Suppose -9*k = -4*k - 20. Let v = k - -5. Let g = -17246 + 17251. Calculate the remainder when v is divided by g.
4
Calculate the remainder when 13 is divided by (120/150)/(1/10).
5
Let j(v) = 3*v**2 - 2*v. Let y be j(2). Suppose 0 = 7*b - 9*b + y. Calculate the remainder when 19 is divided by b.
3
Let x(z) = 3*z + 196. Calculate the remainder when x(26) is divided by 55.
54
Let i = 4397 + -4396. Suppose 2*u - 3*u + 1 = 0. Calculate the remainder when u is divided by i.
0
Let d = -287 - -340. What is the remainder when 97 is divided by d?
44
Suppose -488 = -76*d + 120. Calculate the remainder when (-12)/(-8) - (-142)/4 is divided by d.
5
Let p(f) = -f - 4. Let n(y) = -3*y - 11. Let j(m) = 3*n(m) - 8*p(m). Let w be j(5). What is the remainder when (-932)/(-24) + (-1)/w is divided by 14?
11
Suppose 0 = -m + 18 - 19. What is the remainder when 203 is divided by m/(-3)*(-5 + -1 + 162)?
47
Suppose -w + 63 = 2*f, w + 84 = 2*w - 5*f. Let b = -57 + w. Calculate the remainder when 13 is divided by b.
1
Let p = 81 - 43. Calculate the remainder when 222 is divided by p.
32
Suppose -3*f = 4*s + 8184, 5*s + 6612 + 3653 = 5*f. Calculate the remainder when 1 + s/(-15) + (-6)/(-15) is divided by 35.
33
Suppose q - 4*q = -24. Let n(z) = -3 - 2 + 6 - 5*z. What is the remainder when q is divided by n(-1)?
2
Suppose 256 = -4*y + 12*y. What is the remainder when 124 is divided by y?
28
Suppose -2*w + 5*y = -5*w - 59, -37 = 2*w + y. Let j = w - -26. Suppose 4*k + 0*k = 84. Calculate the remainder when k is divided by j.
5
Let k = -635 - -672. Calculate the remainder when 75 is divided by k.
1
Let g = 22 - 11. Suppose -2*w + 72 = 2*w. What is the remainder when w is divided by g?
7
Calculate the remainder when 3414/14 + (1 - -3)/28 is divided by 41.
39
Let w = 56 + -117. Let i = -58 - w. Calculate the remainder when 5 is divided by i.
2
Let x be (-5*3/(-30))/(2/8). Calculate the remainder when 33 is divided by (-126)/45*(-5)/x.
5
Let q = -964 - -1016. Calculate the remainder when q is divided by 37.
15
Let h(f) = -6*f**3 + 3*f**2 + 3*f. Suppose -6 = i + 8. Let o be i/(-21) - (-8)/(-3). What is the remainder when h(o) is divided by 20?
14
Suppose v - 3*m - 4 = m, -5*v + 45 = 5*m. Let g(j) = -j + 10. Let y be g(v). What is the remainder when 27 is divided by y/(-4) - 60/(-8)?
6
Suppose -j + 302 = c, -j + c + 167 = -131. Suppose 0 = -0*a + 6*a - j. What is the remainder when a is divided by 13?
11
Suppose -27*q = -24*q + 30. Let d = -11 - q. Calculate the remainder when 0 - (d - -11)*-1 is divided by 4.
2
Let j(h) = 2*h + 2. Let z be (48/(-3))/(2/(-32)). Suppose 0 = 4*t - 2*g - z, 3*g = -5 - 7. What is the remainder when t is divided by j(7)?
14
Let d